4*l - 32 = -4*q. Suppose -1 = q*u + 2. What is the units digit of u/((-2 - -1)/1)?
1
Let f(b) = b**3 - 17*b**2 + b + 25. What is the units digit of f(17)?
2
Suppose 2*s = -10, -s + 164 = 2*u + s. Let d = u + -43. What is the tens digit of d?
4
Suppose 4*a - 22 = 2*s + a, 0 = -s - 2*a + 3. Let j(c) be the second derivative of -c**3/6 + c. What is the units digit of j(s)?
5
Let u = 15 + -7. Let t = -9 + 7. Let j = t + u. What is the units digit of j?
6
Let i(q) = -1 + 0 - 4*q + 5*q - 2. Suppose -3*d + 3*h + 24 = 0, 2*d - 6 + 2 = -h. What is the units digit of i(d)?
1
Let h be (-7)/(-1) + 0/3. Suppose h*m - 2*m - 20 = 0. What is the units digit of m?
4
Let z = -4 - -4. Let l = -3 + 6. Suppose -l*x + z*x = -6. What is the units digit of x?
2
Suppose -3*d - 2*v = -564, -5*v = 3*d + d - 745. Suppose f - d = -4*f. What is the units digit of f?
8
Let p(s) = 3*s**2 + 10*s - 3. Let a(y) = -4*y**2 - 11*y + 3. Let l(d) = -4*a(d) - 5*p(d). What is the tens digit of l(8)?
1
Suppose 1 = -u, 5*u + 90 - 31 = 2*n. What is the tens digit of n?
2
Let p(d) = -d - 6. Let x be p(-6). Let r = 6 - x. What is the units digit of r?
6
Let v(q) = q - 1. Let u be v(0). Let i = 84 + -86. What is the units digit of u/(2*i/20)?
5
Let g(i) = -i**2 + 7*i - 7. Let d be g(5). Suppose 3 = -h + 2. What is the tens digit of h + 3 - d - -11?
1
Let p(s) = 35*s + 1. Let m(b) = -34*b - 1. Let c(k) = 5*m(k) + 4*p(k). Let v be c(-2). Suppose -22 = 2*j - d - v, 5*d - 62 = -3*j. What is the units digit of j?
9
Let r = -546 + 827. What is the hundreds digit of r?
2
Suppose -52 = -2*t + i, 5*t - 103 = -2*i + 36. Suppose -2*h = h - t. What is the units digit of h?
9
Let c(l) = l**2 + 4*l - 5. Let r be c(-5). Suppose p - n = -2*n - 4, -p - 3*n - 6 = r. Let a(t) = t**2 + t - 3. What is the units digit of a(p)?
3
Suppose 0 = -2*l - 67 - 27. Let b = l + 75. What is the tens digit of b?
2
Suppose 0 = 2*j - 4*t - 66, -7*t + 2*t - 140 = -5*j. Let c = j + -14. What is the units digit of c?
9
Let r(u) = -u**3 - 8*u**2 + 11*u + 13. Let o be r(-9). Let k = -2 - o. Suppose -4*w + k*s = -48, 2*w + 4*s = 6*w - 52. What is the units digit of w?
9
Let m be 1/1 - (3 + 4). Let k(y) = -8*y - 11. What is the units digit of k(m)?
7
Let b = -166 - -239. What is the units digit of b?
3
Suppose -6 = 8*y - 10*y. Suppose 0 = -2*u - 5*m + 60, -u + y*m - 56 = -3*u. What is the units digit of u?
5
Let f = -9 - -38. What is the units digit of f?
9
Let d be -1 + 0 - (-19 + 0). Suppose 0 = -5*a - 3 + d. What is the units digit of a?
3
Let i(r) = -10*r - 9. Let o(a) = -3*a - 3. Let s(q) = -2*i(q) + 7*o(q). What is the units digit of s(-5)?
2
Suppose 4*v - 4*i = 336, v - 5*i - 340 = -3*v. What is the tens digit of v?
8
Let g(y) = y**3 - 11*y**2 - y + 10. Let v be g(8). What is the tens digit of (-1)/(-3) - v/15?
1
Let m be -3 + (7 - 2) + -13. What is the tens digit of (-5 - m)/(3/10)?
2
Suppose -w + 1 = -0. Let r be 4/(2 + 0/3). Suppose h - w = r. What is the units digit of h?
3
Let n = 46 + -14. Suppose 4*y = n + 40. What is the tens digit of y?
1
Suppose 0 = 2*b - 2 + 8. What is the units digit of 76/b*3/(-2)?
8
Suppose 4*k - 2*q = 238, -6*q - 4 = -2*q. What is the tens digit of k?
5
Suppose -8*q = -9*q - 2*x + 213, -q = -3*x - 218. What is the hundreds digit of q?
2
What is the units digit of 4 + (-9)/(9/3)?
1
Let r be -2 + 4 + (-4 - -2). Suppose 0 = -0*m + m + j - 6, r = 4*j. What is the units digit of m?
6
Suppose -4*m + 9 = -m. Suppose 2*k = -3*a + 77, m*a + a + k = 111. Let h = -15 + a. What is the tens digit of h?
1
Suppose -5*v - 5 + 0 = 0, -3*r - 3*v + 141 = 0. What is the tens digit of r?
4
Let s = 93 + -49. What is the tens digit of s?
4
Let d = -5 - -7. What is the units digit of d?
2
Let i(w) = w**2 - 7*w + 10. Let h(r) = r**2 - 10*r + 5. Let d be h(7). Let p be (d - -3 - 1)/(-2). What is the tens digit of i(p)?
1
Suppose 0 = 2*b - 3 - 67. What is the tens digit of b?
3
Suppose -5*i - 4 - 2 = -3*r, 9 = 2*i - 5*r. What is the tens digit of i/6 + (-41)/(-2)?
2
Suppose 2*k - 5*k + a = 17, 2*k - 12 = -4*a. Let w be (0 + 3)*11/(-3). Let z = k - w. What is the units digit of z?
7
Suppose 18 - 6 = 4*b - 3*o, -18 = -b - 3*o. Let i = -4 + b. What is the units digit of (3/i)/(1/2)?
3
Suppose 0 = i + 6*p - p - 320, 5*i = 2*p + 1681. What is the units digit of i/25 - 4/10?
3
Let q(a) = -a**2 - 9*a - 6. Let s be q(-8). What is the tens digit of s*7/(7/8)?
1
Let t(o) = -o**2 + o. Let z be t(0). Suppose -5*g = 2*i - 29, z = i - 2*g - 1. What is the units digit of i?
7
Let c(m) = m - 9. Let t(h) = 1. Let i(d) = -c(d) + 4*t(d). What is the units digit of i(10)?
3
Let x(q) = -4*q. Let r be x(1). Let w be (r + 16)/((-2)/(-3)). Let a = w - 6. What is the tens digit of a?
1
Suppose -5*g + 11 = -19. Let x be (-1)/2 - (-3)/g. Suppose -4*w = z - 42, -w - z = -x - 9. What is the tens digit of w?
1
Let v(u) = u**3 - 3*u**2 - 6*u + 3. What is the tens digit of v(5)?
2
Let u = 10 - 3. Let l(z) = -z**3 - 3*z**2 + 2. Let f be l(-2). Let j = f + u. What is the units digit of j?
5
Let l(d) = d**2 - 5 + 8*d - 1 + 10. What is the units digit of l(-9)?
3
Let r = 41 - 2. What is the units digit of r?
9
Let j = -18 + 21. Suppose -w = 4*w + 4*n - 91, 0 = -j*w - 3*n + 57. What is the units digit of w?
5
What is the tens digit of (5/(-2))/((-3)/30)?
2
Let q be 3 - 7 - (1 + -1). Let j be q/10 + (-156)/10. What is the units digit of j/(-6) - 1/(-3)?
3
Let u(m) = -m**2 + 10*m - 11. Let a(d) = -d**3 - 4*d**2 - d + 3. Let i be a(-4). What is the tens digit of u(i)?
1
Let d(t) = -t**3 + 15*t**2 - t - 1. What is the hundreds digit of d(14)?
1
Let t(x) = -23*x - 5. What is the tens digit of t(-3)?
6
Let t(f) = 6*f. Let o be (-8 + 6)*(0 + -1). What is the tens digit of t(o)?
1
Suppose -s = -0 + 26. Suppose -2*w + 9 = 5*c + 53, 0 = 5*c - 5*w + 30. Let z = c - s. What is the tens digit of z?
1
Suppose 5*v = -c + 4*c + 19, -3*c + 6 = 0. Suppose -3*r = -v*k + 115, 2*k + 4*r = k. Suppose -5*f + k = -0*f. What is the units digit of f?
4
Suppose 856 = 7*z + z. What is the hundreds digit of z?
1
Suppose -2*h = 5*h - 231. What is the units digit of h?
3
Suppose -2*k - 9 = -5*s, 3*k - 2*k + 5*s - 18 = 0. Suppose 5*p - 3*p + 3*d = 15, k*p = -5*d + 22. What is the units digit of p?
9
Let z = -37 + 1. Let t = z - -50. What is the units digit of t?
4
Let d(n) = 5*n**2 + 8*n - 3. What is the hundreds digit of d(4)?
1
Let m = -56 + 83. Let g = -19 + m. Let s = 19 - g. What is the units digit of s?
1
Suppose -2*o + o - 6 = -3*x, 0 = -4*o + 3*x + 3. Let q(j) = -3*j**3 - 3 + 2*j**2 + 2*j + 0*j**o + 2*j**3. What is the units digit of q(2)?
1
Let v = 4 + 1. Let s(d) = d**2 - 6*d - 6. Let o be s(v). Let b(w) = w**3 + 11*w**2 - w - 5. What is the units digit of b(o)?
6
Let a = 68 + -18. What is the units digit of a?
0
Let j(c) = 12 + 0*c - 10*c + 6*c. What is the tens digit of j(-6)?
3
Let u(w) = 69*w**2 - w - 1. Let d be u(-1). Suppose -10 = h + h, c - d = 4*h. Suppose -3*b = -c + 7. What is the tens digit of b?
1
Let s = -9 + 18. Suppose -4*l = -s*l + 70. What is the units digit of l?
4
Let n = -3 + 1. Let m be 3 + 1/(-1) - n. Let z = m + -2. What is the units digit of z?
2
Suppose w - 3 - 19 = 4*l, 0 = 2*w + 5*l - 109. What is the units digit of w?
2
Let w(m) = -12*m + 1. Let c(i) = -13*i + 1. Let g(x) = -4*c(x) + 5*w(x). What is the units digit of g(-2)?
7
Suppose 5*y + 1 = 5*r + 3*y, -3*y = -5*r + 4. Let w = 2 - r. What is the units digit of w?
3
Let x(p) = -p**2 + 2. Let i be x(4). Let q = -10 - i. What is the units digit of q?
4
Let u(w) = -w**3 + 4*w**2 + w. Let x be u(5). What is the units digit of (-1)/(-5) - 16/x?
1
Let m(g) = -g**3 - 6*g**2 + 7. Let x be m(-7). Suppose 2*c - 3*o = -0*o + 64, 2*c - x = o. What is the tens digit of c?
2
Let i be (-41)/7 - 5/35. What is the units digit of i/14 - 93/(-21)?
4
Suppose 4*w - 3*w + 3 = 5*x, 5*x = 3*w - 1. Suppose w*j = -3*s + 3 + 19, -2*j + s + 6 = 0. What is the units digit of j?
5
Let s(r) = r**2 + 10. Let n be 7/14 + (-2)/4. What is the units digit of s(n)?
0
Let p = 17 + 17. Suppose 3*h - p = -j + 6*j, -2*h + 10 = 3*j. What is the units digit of h?
8
What is the tens digit of (-3 - 0) + 2 + 79?
7
Suppose -5*c = 8 - 33. Suppose -4*n + 36 = -c*q + 3, 34 = 5*n + q. What is the units digit of n?
7
Let h(v) = -3*v - 3. Let q 